{"id":215,"date":"2020-03-02T13:17:40","date_gmt":"2020-03-02T12:17:40","guid":{"rendered":"http:\/\/www.heinzsteinertsymposium.at\/WP\/?page_id=215"},"modified":"2025-01-27T19:47:27","modified_gmt":"2025-01-27T18:47:27","slug":"soziologie-3","status":"publish","type":"page","link":"https:\/\/agso.uni-graz.at\/steinert-symposium\/soziologie-3\/","title":{"rendered":"Reflexive Soziologie \u2013 <br>Kritik der empirischen Sozialforschung"},"content":{"rendered":"\n<div style=\"height:40px\" aria-hidden=\"true\" class=\"wp-block-spacer\"><\/div>\n\n\n\n<p class=\"has-background\" style=\"background-color:#cdd9db\">Das Programm einer \u201ereflexiven Soziologie\u201c durchzieht Steinerts Denken seit den 1970ern. W\u00e4hrend sich die \u201ereal existierende Soziologie\u201c in Funktionalismus und Modellrechnung ersch\u00f6pft und den gesellschaftlichen Status Quo verdinglicht und verg\u00f6ttert, macht eine reflexive Soziologie die eigenen impliziten Annahmen und Denkmodelle zum Thema der Forschung. Ihre Aufgabe ist es, \u201edas in Selbstverst\u00e4ndlichkeiten Ausgeblendete zu erinnern. Damit findet man sich als Sozialwissenschaftler auf der Seite der Verlierer, der Abweicher, der Au\u00dfenseiter, der Ausgeschlossenen, der strukturellen wie der historischen. Die herrschenden Ordnungen und ihre Selbstverst\u00e4ndlichkeiten sorgen f\u00fcr sich selbst. Wir sind f\u00fcr den Widerspruch zust\u00e4ndig.\u201c Reflexive Soziologie produziert Befreiungswissen, nicht Ordnungswissen; sie zerlegt erstarrte Entit\u00e4ten in Prozesse und Situationen.<\/p>\n\n\n\n<p class=\"has-background\" style=\"background-color:#ffffff\">Was bedeutet dieses Programm konkret f\u00fcr eine kritisch-soziologische Praxis, etwa f\u00fcr Durchf\u00fchrung und Analyse von Interviews als sozialen Situationen mit spezifischem Arbeitsb\u00fcndnis? <br><br>Wie lassen sich \u2013 in der heutigen universit\u00e4ren Praxis \u2013 befreiungstheoretisches Denken vorantreiben und kulturindustrielle Vereinnahmungen verhindern? <\/p>\n\n\n\n<p class=\"has-background\" style=\"background-color:#ffffff\"><strong>Panel<\/strong>: <br><br><em>Christoph Reinprecht:<\/em> Reflexive Soziologie \u2013 Kritik der empirischen Sozialforschung (Eingangsstatement)<br><em>Julia Hofmann: <\/em>Die Sozialstrukturforschung \u2013 herrschaftsstabilisierend oder befreiungstheoretisch?<br><em>Georg Vobruba:<\/em> Spannungen in der Kritikkontroverse<br><em>Andreas Kranebitter:<\/em> Heinz Steinerts theoretische und empirische Praxis der Reflexivit\u00e4t<br><br>Moderation: <em>Monika Mokre<\/em> <\/p>\n\n\n\n<figure class=\"wp-block-embed is-type-video is-provider-youtube wp-block-embed-youtube wp-embed-aspect-16-9 wp-has-aspect-ratio\"><div class=\"wp-block-embed__wrapper\">\n<iframe loading=\"lazy\" title=\"Heinz-Steinert-Symposium 2021 (Panel 6: Reflexive Soziologie)\" width=\"720\" height=\"405\" src=\"https:\/\/www.youtube.com\/embed\/EQZZW7wffN0?feature=oembed\" frameborder=\"0\" allow=\"accelerometer; autoplay; clipboard-write; encrypted-media; gyroscope; picture-in-picture\" allowfullscreen><\/iframe>\n<\/div><\/figure>\n\n\n\n<div style=\"height:20px\" aria-hidden=\"true\" class=\"wp-block-spacer\"><\/div>\n\n\n\n<p><a href=\"\/steinert-symposium\/panels\/\" data-type=\"link\" data-id=\"https:\/\/agso.uni-graz.at\/steinert-symposium\/panels\/\">&lt; zur\u00fcck zu den Panels<\/a><br><a href=\"http:\/\/Zeitplan\"><\/a><a href=\"\/steinert-symposium\/zeitplan\/\" data-type=\"link\" data-id=\"https:\/\/agso.uni-graz.at\/steinert-symposium\/zeitplan\/\">&lt; zur\u00fcck zum Zeitplan<\/a><\/p>\n","protected":false},"excerpt":{"rendered":"<p>Das Programm einer \u201ereflexiven Soziologie\u201c durchzieht Steinerts Denken seit den 1970ern. W\u00e4hrend sich die \u201ereal existierende Soziologie\u201c in Funktionalismus und Modellrechnung ersch\u00f6pft und den gesellschaftlichen Status Quo verdinglicht und verg\u00f6ttert, macht eine reflexive Soziologie die eigenen impliziten Annahmen und Denkmodelle zum Thema der Forschung. Ihre&hellip; <a class=\"read-more\" href=\"https:\/\/agso.uni-graz.at\/steinert-symposium\/soziologie-3\/\">Read more<\/a><\/p>\n","protected":false},"author":1,"featured_media":0,"parent":0,"menu_order":0,"comment_status":"closed","ping_status":"closed","template":"","meta":{"footnotes":""},"class_list":["post-215","page","type-page","status-publish","hentry"],"_links":{"self":[{"href":"https:\/\/agso.uni-graz.at\/steinert-symposium\/wp-json\/wp\/v2\/pages\/215","targetHints":{"allow":["GET"]}}],"collection":[{"href":"https:\/\/agso.uni-graz.at\/steinert-symposium\/wp-json\/wp\/v2\/pages"}],"about":[{"href":"https:\/\/agso.uni-graz.at\/steinert-symposium\/wp-json\/wp\/v2\/types\/page"}],"author":[{"embeddable":true,"href":"https:\/\/agso.uni-graz.at\/steinert-symposium\/wp-json\/wp\/v2\/users\/1"}],"replies":[{"embeddable":true,"href":"https:\/\/agso.uni-graz.at\/steinert-symposium\/wp-json\/wp\/v2\/comments?post=215"}],"version-history":[{"count":19,"href":"https:\/\/agso.uni-graz.at\/steinert-symposium\/wp-json\/wp\/v2\/pages\/215\/revisions"}],"predecessor-version":[{"id":1173,"href":"https:\/\/agso.uni-graz.at\/steinert-symposium\/wp-json\/wp\/v2\/pages\/215\/revisions\/1173"}],"wp:attachment":[{"href":"https:\/\/agso.uni-graz.at\/steinert-symposium\/wp-json\/wp\/v2\/media?parent=215"}],"curies":[{"name":"wp","href":"https:\/\/api.w.org\/{rel}","templated":true}]}}