{"id":55,"date":"2020-03-02T10:27:48","date_gmt":"2020-03-02T09:27:48","guid":{"rendered":"http:\/\/www.heinzsteinertsymposium.at\/WP\/?page_id=55"},"modified":"2020-05-22T14:15:36","modified_gmt":"2020-05-22T12:15:36","slug":"heinz-steinert","status":"publish","type":"page","link":"https:\/\/agso.uni-graz.at\/steinert-symposium\/heinz-steinert\/","title":{"rendered":"Heinz Steinert"},"content":{"rendered":"\n<div style=\"height:40px\" aria-hidden=\"true\" class=\"wp-block-spacer\"><\/div>\n\n\n\n<figure class=\"wp-block-image size-large is-resized\"><img loading=\"lazy\" decoding=\"async\" src=\"http:\/\/www.heinzsteinertsymposium.at\/WP\/wp-content\/uploads\/2020\/03\/HSt_Fotos-747x1024.jpg\" alt=\"\" class=\"wp-image-56\" width=\"220\" height=\"256\"\/><\/figure>\n\n\n\n<div style=\"height:20px\" aria-hidden=\"true\" class=\"wp-block-spacer\"><\/div>\n\n\n\n<div style=\"height:37px\" aria-hidden=\"true\" class=\"wp-block-spacer\"><\/div>\n\n\n\n<p style=\"background-color:#ffffff\" class=\"has-background\">Heinz Steinert, 1942 geboren, im Waldviertel aufgewachsen, studierte ab 1960 verschiedene F\u00e4cher in Wien; sein Studienabschluss erfolgte in Psychologie. 1972 habilitierte er sich am Institut f\u00fcr Soziologie der Universit\u00e4t Graz. 1973 war er Mitbegr\u00fcnder des <em>Instituts- f\u00fcr Rechts- und Kriminalsoziologie <\/em>in Wien und bis 2000 sein wissenschaftlicher Leiter. 1975 geh\u00f6rte er zu den Mitbegr\u00fcndern der <em>\u00d6sterreichischen Zeitschrift f\u00fcr Soziologie<\/em>, 1977 bis 1979 wirkte er als Pr\u00e4sident der <em>\u00d6sterreichischen Gesellschaft f\u00fcr Soziologie<\/em>. Von 1978 bis 2007 lehrte er als Professor an der Johann-Wolfgang Goethe Universit\u00e4t in Frankfurt im Fach Soziologie mit den Schwerpunkten \u201eDevianz\u201c und \u201eSoziale Ausschlie\u00dfung\u201c. Heinz Steinert starb am 20. M\u00e4rz 2011 in Wien.<\/p>\n","protected":false},"excerpt":{"rendered":"<p>Heinz Steinert, 1942 geboren, im Waldviertel aufgewachsen, studierte ab 1960 verschiedene F\u00e4cher in Wien; sein Studienabschluss erfolgte in Psychologie. 1972 habilitierte er sich am Institut f\u00fcr Soziologie der Universit\u00e4t Graz. 1973 war er Mitbegr\u00fcnder des Instituts- f\u00fcr Rechts- und Kriminalsoziologie in Wien und bis 2000&hellip; <a class=\"read-more\" href=\"https:\/\/agso.uni-graz.at\/steinert-symposium\/heinz-steinert\/\">Read more<\/a><\/p>\n","protected":false},"author":1,"featured_media":0,"parent":0,"menu_order":0,"comment_status":"closed","ping_status":"closed","template":"","meta":{"footnotes":""},"class_list":["post-55","page","type-page","status-publish","hentry"],"_links":{"self":[{"href":"https:\/\/agso.uni-graz.at\/steinert-symposium\/wp-json\/wp\/v2\/pages\/55","targetHints":{"allow":["GET"]}}],"collection":[{"href":"https:\/\/agso.uni-graz.at\/steinert-symposium\/wp-json\/wp\/v2\/pages"}],"about":[{"href":"https:\/\/agso.uni-graz.at\/steinert-symposium\/wp-json\/wp\/v2\/types\/page"}],"author":[{"embeddable":true,"href":"https:\/\/agso.uni-graz.at\/steinert-symposium\/wp-json\/wp\/v2\/users\/1"}],"replies":[{"embeddable":true,"href":"https:\/\/agso.uni-graz.at\/steinert-symposium\/wp-json\/wp\/v2\/comments?post=55"}],"version-history":[{"count":22,"href":"https:\/\/agso.uni-graz.at\/steinert-symposium\/wp-json\/wp\/v2\/pages\/55\/revisions"}],"predecessor-version":[{"id":685,"href":"https:\/\/agso.uni-graz.at\/steinert-symposium\/wp-json\/wp\/v2\/pages\/55\/revisions\/685"}],"wp:attachment":[{"href":"https:\/\/agso.uni-graz.at\/steinert-symposium\/wp-json\/wp\/v2\/media?parent=55"}],"curies":[{"name":"wp","href":"https:\/\/api.w.org\/{rel}","templated":true}]}}